 273849 composite?
True
Is 252277 a prime number?
True
Is 1357 composite?
True
Is 295487 a composite number?
True
Is 73819 prime?
True
Is 201473 composite?
False
Is 20789 prime?
True
Is 39659 a composite number?
False
Is 55847 a composite number?
True
Is 100313 prime?
True
Is 7411 a composite number?
False
Is 8471 a prime number?
False
Is 1399 composite?
False
Is 743 prime?
True
Is 7715 prime?
False
Is 27019 a prime number?
False
Is 89113 composite?
False
Is 10111 prime?
True
Is 31699 prime?
True
Is 16411 a prime number?
True
Is 703753 a prime number?
True
Is 317451 composite?
True
Is 12367 a composite number?
True
Is 397 composite?
False
Is 650701 a prime number?
True
Is 420997 composite?
False
Is 667 a composite number?
True
Is 255562 a composite number?
True
Is 4114117 prime?
False
Is 3791 a prime number?
False
Is 66431 a composite number?
False
Is 32583 prime?
False
Is 575573 composite?
False
Is 690061 prime?
False
Is 8803 composite?
False
Is 102839 a prime number?
False
Is 824123 a prime number?
True
Is 169543 a prime number?
False
Is 396671 composite?
True
Is 447591 a composite number?
True
Is 198547 a composite number?
True
Is 90989 a composite number?
False
Is 94859 a composite number?
True
Is 2203 composite?
False
Is 443489 a composite number?
False
Is 19793 a prime number?
True
Is 10826 prime?
False
Is 111001 composite?
True
Is 780421 a prime number?
True
Is 4577 a prime number?
False
Is 3194 composite?
True
Is 19281 a prime number?
False
Is 569369 prime?
True
Is 112843 composite?
False
Is 5501 a composite number?
False
Is 10813 a prime number?
False
Is 670867 composite?
False
Is 805461 composite?
True
Is 12791 a prime number?
True
Is 10581647 prime?
True
Is 109069 a composite number?
True
Is 156923 a composite number?
True
Is 28349 a composite number?
False
Is 254867 a prime number?
False
Is 56197 a prime number?
True
Is 11197 a composite number?
False
Is 23087 prime?
True
Is 64781 a composite number?
False
Is 1931 composite?
False
Is 1979 a composite number?
False
Is 346627 prime?
True
Is 44053 prime?
True
Is 102961 prime?
False
Is 4781 prime?
False
Is 2933 composite?
True
Is 39019 prime?
True
Is 10133 composite?
False
Is 322246 a prime number?
False
Is 377 a prime number?
False
Is 21913 composite?
True
Is 1277699 composite?
False
Is 217811 composite?
True
Is 318629 prime?
True
Is 1207 prime?
False
Is 885317 prime?
False
Is 307795 a prime number?
False
Is 187463 prime?
True
Is 6449 prime?
True
Is 3338435 a prime number?
False
Is 123767 a composite number?
True
Is 200401 prime?
True
Is 120986 a prime number?
False
Is 50689 a prime number?
False
Is 176153 composite?
False
Is 1047367 a prime number?
True
Is 578069 a composite number?
True
Is 514 prime?
False
Is 473 a composite number?
True
Is 777083 a composite number?
True
Is 1806427 composite?
True
Is 342457 a composite number?
True
Is 71447 prime?
False
Is 119159 prime?
True
Is 125321 prime?
False
Is 381 a prime number?
False
Is 170953 prime?
True
Is 155573 a composite number?
True
Is 767 a prime number?
False
Is 1967 a composite number?
True
Is 306313 prime?
False
Is 2285 a prime number?
False
Is 33721 composite?
False
Is 89857 composite?
True
Is 36286 prime?
False
Is 66653 composite?
False
Is 40839 prime?
False
Is 301451 composite?
True
Is 177401 composite?
True
Is 86453 a composite number?
False
Is 2525557 prime?
True
Is 46423 composite?
True
Is 1165 a composite number?
True
Is 1048549 prime?
True
Is 21863 composite?
False
Is 212221 a composite number?
True
Is 102749 prime?
False
Is 171497 a composite number?
True
Is 39539 prime?
False
Is 50311 a prime number?
True
Is 3101 composite?
True
Is 29599 a composite number?
False
Is 65437 composite?
False
Is 2953 a prime number?
True
Is 872463 a prime number?
False
Is 1052141 prime?
True
Is 921 prime?
False
Is 570619 a prime number?
False
Is 109633 a composite number?
True
Is 353359 a composite number?
False
Is 161771 prime?
True
Is 47977 composite?
False
Is 22907 a composite number?
False
Is 6073 a composite number?
False
Is 19769 composite?
True
Is 129977 prime?
False
Is 2413 composite?
True
Is 23251 a prime number?
True
Is 5003 a composite number?
False
Is 5251 prime?
False
Is 437407 a composite number?
True
Is 2767 composite?
False
Is 24319 a composite number?
True
Is 137353 composite?
False
Is 74117 prime?
False
Is 3389 a prime number?
True
Is 18013 a composite number?
False
Is 10559 a composite number?
False
Is 145309 prime?
False
Is 14567 a composite number?
True
Is 265913 prime?
False
Is 399287 prime?
False
Is 56263 a composite number?
False
Is 2419 a prime number?
False
Is 17623 a composite number?
False
Is 136423 prime?
False
Is 20477 prime?
True
Is 230199 a composite number?
True
Is 38543 a prime number?
True
Is 1555729 a prime number?
False
Is 772931 composite?
True
Is 220238 a prime number?
False
Is 283601 a prime number?
True
Is 95701 a prime number?
True
Is 59789 a composite number?
True
Is 390979 composite?
True
Is 1706467 a composite number?
True
Is 2563 a composite number?
True
Is 98849 a composite number?
False
Is 43391 prime?
True
Is 47155 composite?
True
Is 8549 prime?
False
Is 146345 a prime number?
False
Is 13466 a composite number?
True
Is 2464537 a prime number?
True
Is 15427 a prime number?
True
Is 160813 a prime number?
True
Is 19999 a composite number?
True
Is 2927 prime?
True
Is 42153 composite?
True
Is 24317 a composite number?
False
Is 588347 prime?
True
Is 381 a prime number?
False
Is 375423 composite?
True
Is 25667 prime?
True
Is 9091 a prime number?
True
Is 88687 a prime number?
False
Is 34366 a prime number?
False
Is 5839 a composite number?
False
Is 1380693 composite?
True
Is 61211 prime?
True
Is 2291 composite?
True
Is 17783 composite?
False
Is 38897 a prime number?
False
Is 41989 a prime number?
False
Is 13835 a prime number?
False
Is 11383 a prime number?
True
Is 18749 a composite number?
False
Is 129439 prime?
True
Is 23939 composite?
True
Is 129539 prime?
True
Is 13891 a composite number?
True
Is 45159 a composite number?
True
Is 841 a composite number?
True
Is 338839 composite?
False
Is 11897 a composite number?
False
Is 4987 prime?
True
Is 62201 prime?
True
Is 16418 prime?
False
Is 12929 a prime number?
False
Is 1439 a prime number?
True
Is 24511 a prime number?
False
Is 5077 a prime number?
True
Is 1087159 a prime number?
True
Is 1786463 a composite number?
True
Is 8021 prime?
False
Is 574001 a prime number?
False
Is 4609 a prime number?
False
Is 37379 prime?
True
Is 140341 a prime number?
False
Is 11851 prime?
False
Is 235 composite?
True
Is 436279 a composite number?
False
Is 308303 a prime number?
True
Is 97607 composite?
False
Is 310643 a composite number?
False
Is 2107243 a composite number?
False
Is 280451 a composite number?
False
Is 21439 a composite number?
True
Is 22459 prime?
False
Is 71627 a prime number?
False
Is 1271 composite?
True
Is 3544117 a prime number?
True
Is 343909 a prime number?
False
Is 4505647 a composite number?
False
Is 808541 prime?
False
Is 104639 a prime number?
True
Is 18583 a prime number?
True
Is 24763 composite?
False
Is 2047 prime?
False
Is 542129 composite?
True
Is 1222003 a composite number?
False
Is 199027 a composite number?
True
Is 4909 composite?
False
Is 42821 a composite number?
False
Is 33281 a prime number?
False
Is 526457 prime?
False
Is 8951 a composite number?
False
Is 4443 prime?
False
Is 85571 a composite number?
False
Is 8893 prime?
True
Is 18533 prime?
False
Is 26293 a composite number?
False
Is 33479 a prime number?
True
Is 3047 composite?
True
Is 9337 a composite number?
False
Is 31439 prime?
False
Is 18254 composite?
True
Is 682583 prime?
False
Is 18433 a composite number?
False
Is 111731 a prime number?
True
Is 167953 a composite number?
False
Is 3847 prime?
True
Is 2411 a composite number?
False
Is 21683 composite?
False
Is 172103 composite?
True
Is 61511 a prime number?
True
Is 535723 composite?
True
Is 114293 prime?
False
Is 199523 a composite number?
False
Is 10949 prime?
True
Is 108127 prime?
True
Is 461137 prime?
False
Is 1039 prime?
True
Is 255826 a prime number?
False
Is 635155 a composite number?
True
Is 56779 a composite number?
False
Is 23969 a composite number?
True
Is 6731 a composite number?
True
Is 107953 prime?
Fal